0
Let d(m) = 2*m**2 + 2*m + 1. Let x be d(-2). Let n(r) = -7*r + 4. Let k(z) = -z**2. Let h(a) = -k(a) + n(a). Calculate h(x).
-6
Let y be (0/((-6)/(-3)))/2. Let i(m) = 1 + m + m + y - 3*m. Give i(-7).
8
Let s(b) = -9 + b - 2 + 9. Calculate s(-6).
-8
Let x(f) = 1 + 0*f - 3 + 10 - f. Calculate x(-7).
15
Let y(r) = -r**3 + 5*r**2 - 4*r + 2. Let h be y(2). Let g(c) = c**2 - 5*c - 7. What is g(h)?
-1
Let x(u) be the first derivative of -1/140*u**7 + 0*u**6 + 0*u**4 + 0*u**2 - 1/120*u**5 + 0*u - u**3 - 1. Let j(a) be the third derivative of x(a). Give j(1).
-7
Let k(i) = i + 8. Let h be k(-6). Suppose -4*t + 0*s = 5*s + 6, h = s. Let u(m) be the first derivative of -m**2/2 - 4*m - 3. Give u(t).
0
Let a(z) = -15*z**2 + 10*z + 32*z**2 - 6 - 9*z**2 - 9*z**2. Give a(4).
18
Let n = -6 - -8. Let m(z) = 3*z**3 - 6*z**2 - 11*z + 3. Let q(o) = -o**3 + 2*o**2 + 4*o - 1. Let h(a) = -4*m(a) - 11*q(a). What is h(n)?
-1
Let b(d) be the first derivative of -2 + 0*d**3 + d**4 + 1/2*d**2 + d. What is b(-1)?
-4
Let g(t) be the second derivative of -5/6*t**3 - 3*t**2 + 0 - t - 1/12*t**4. Determine g(-4).
-2
Suppose -w - 12 = -3*w. Suppose -5*s - 1 = -w*s. Let x(b) = -4*b**3 - 2*b + 1. Calculate x(s).
-5
Let a(v) = -2*v + 5 + 3*v - 3 + 1. Determine a(-5).
-2
Let m(n) be the first derivative of -n**4/4 - 4*n**3/3 + 5*n**2/2 + 2*n + 4. Let x be -7*1 + (-2)/(-1). Determine m(x).
2
Let s(i) = -10*i + 8*i + 5*i**2 - 10*i**2 + 4*i**2 + 1. Give s(-4).
-7
Let q(k) be the second derivative of -k**4/6 - 2*k**3/3 + 27*k. Give q(-4).
-16
Let r(i) be the third derivative of -i**5/60 - i**4/2 + i**3/6 + i**2. Let n be r(-12). Let f(z) = 6*z + 1. Determine f(n).
7
Let c(u) be the first derivative of 7*u**3/3 + u**2 - 2*u + 6. Let z(i) = -8*i**2 - 3*i + 1. Let k(o) = -7*c(o) - 6*z(o). Give k(6).
-4
Let i(z) = 2*z + 2. Let k(r) = 1. Let y(m) = i(m) + 4*k(m). Determine y(-5).
-4
Let s(z) = -4*z**3 - 6*z + 12. Let c(b) = b**3 - b**2 + b - 1. Let y(x) = 5*c(x) + s(x). Determine y(5).
2
Let z = 34 - 32. Let j(i) = 5 - 2*i**2 + i**z + 0*i**2. Let x(k) = -k**2 - 5*k - 4. Let f be x(-4). Determine j(f).
5
Suppose 3*u + 12 = 3*t, -3*u + 12 = -0*t + 3*t. Let y(f) be the first derivative of -f**2 + 5*f - 1. What is y(t)?
-3
Let y(l) = l**3 - 6*l**2 - 3*l - 1. Let q = -159 + 166. Give y(q).
27
Let b(x) = x**2 - 7*x - 1. Suppose 5*p - n = 25, 14 = -p - n + 5*n. What is b(p)?
-7
Suppose -r - 1 - 3 = -5*n, -4*r - 16 = -4*n. Suppose n*x + x - 2 = 0. Let v(z) = 2*z - z - 3 + 6*z - 2*z. What is v(x)?
7
Let m(p) = p**3 + 7*p**2 + 6*p - 2. Let t be m(-6). Let v(l) be the second derivative of l**3/3 - l**2/2 + 3*l. Give v(t).
-5
Let r(f) = -f**3 + 6*f**2 - 6*f + 1. Let i = 26 + -16. Suppose -6 = -4*s + i. Calculate r(s).
9
Let y(i) = -2*i - 1 - 2*i**3 + i + 0*i**3 - 7*i**3. Suppose 5*o - 25 = 4*t + 4*o, 5*t - 4*o = -34. Let z = t + 5. Determine y(z).
9
Let t(k) be the first derivative of k**2/2 - k - 2. Let x be t(0). Let q(c) = -c**2 + 1. Let o(h) = 5*h**2 + h + 3. Let g(w) = -o(w) + 2*q(w). Give g(x).
-7
Let a(p) = p**3 - 3*p**2 + 4*p - 3. Let g(m) = m**3 - 4*m**2 + 5*m - 4. Let u(x) = 3*a(x) - 2*g(x). Let y = -8 - -3. Let v be y/15 - (-8)/6. Give u(v).
1
Let k(t) = t**3 - t**2 + t. Let y(w) = -w**2 - 10*w - 7. Let i be y(-8). Let o = -7 + i. Give k(o).
6
Let m(j) be the second derivative of j**6/720 - j**5/60 - j**4/4 - 3*j. Let w(v) be the third derivative of m(v). Let b(a) = -a - 5. Let r be b(-9). Give w(r).
2
Let a(j) = -5*j - 1. Let m(g) = 6*g + 2. Let o(p) = -5*a(p) - 4*m(p). Let s(v) = v**2 + 6*v + 9. Let z be s(-3). Determine o(z).
-3
Let j be -1*7/(7/2). Let k be (j - 2)*2/(-4). Let b(z) = -4*z + 1. Give b(k).
-7
Let z(v) = v**3 - v - 3. Let y be z(0). Let f(i) be the second derivative of -i**4/12 - i**3/3 + 2*i**2 + 20*i. Calculate f(y).
1
Let x(c) = c**3 + 6*c**2 + 4*c + 1. Let b = 7 - 5. Suppose -3*l = -q - 4, 10*l - 5*l = b*q + 6. Let n be (1 - l)/(1/5). Give x(n).
6
Suppose 5*n = -6*n - 22. Let z(g) be the third derivative of 5*g**4/24 + g**3/2 - g**2. Give z(n).
-7
Suppose -2*p = p - 4*q + 60, 5*q + 33 = -3*p. Let l = p - -20. Let i(b) be the third derivative of -b**5/60 + 5*b**4/24 - b**3 - b**2. Determine i(l).
-2
Suppose -2*k - 14 = 2*a, -3*a - 13 = -0*a - k. Let d(t) = 3*t. Calculate d(a).
-15
Let y(t) = -3*t**2 + 3*t + 2. Let p = 13 + -21. Let d = p + 11. Calculate y(d).
-16
Let k be 80/(-25) + 2/10. Let n(b) = b**3 + 4*b**2 - 2*b - 5. Let o(v) = 0 - 1 + v + v**2 + 0*v**2. Let s(l) = n(l) - 2*o(l). What is s(k)?
0
Let d(n) = -n**2 + 5*n - 2. Let b(q) = q**3 + 7*q**2 + 5*q. Let f be b(-4). Suppose 0 = -4*m + j - 1 + 18, m - f = 5*j. Let i = 0 + m. Give d(i).
4
Let k(t) = -6*t. Let c(a) = 13*a. Let p be (-2)/(-14) + 96/14. Let f(z) = p*k(z) + 3*c(z). What is f(-1)?
3
Suppose 2*p + 2 = 0, -k - p + 6 = p. Suppose 0 = 2*n + k. Let o(y) = 2*y - 3 + 3*y + y**2 + 0*y. Determine o(n).
-7
Let g(a) be the third derivative of -a**5/60 - a**4/6 - 2*a**2. Let d(n) = n**3 + 7*n**2 - 9*n - 13. Let j be d(-8). Determine g(j).
-5
Let b = 22 - 20. Let r(c) = -5*c. Determine r(b).
-10
Suppose -10*x - 9 = -7*x. Let g(l) = l**2 + 4*l. Calculate g(x).
-3
Let x(i) = -i. Let t(y) = y**2. Let c(g) = -3*t(g) - x(g). Suppose -4*m - m + 10 = 0, 0 = -2*n - m + 4. Give c(n).
-2
Let l(a) = -2 + 3 + 0*a - 4 + 2*a. Let w be l(3). Let q(r) = r**2 - r - 3. Calculate q(w).
3
Let k(s) = 4*s**2 + 3*s - 14. Let o(g) = 5*g**2 + 2*g - 15. Let x(t) = -6*k(t) + 5*o(t). Calculate x(7).
2
Let t(u) be the third derivative of u**6/120 - u**5/12 - u**4/12 + 5*u**3/6 + u**2. Let d = 0 + 4. Suppose -a = -d - 1. Determine t(a).
-5
Let o(x) be the second derivative of -x**5/20 + 5*x**4/12 - 5*x**3/6 + 5*x**2/2 + x. Let q(m) = 3*m + 3. Let s be q(-2). Let v = 1 - s. Determine o(v).
1
Let o(m) = 10*m**2 - 17*m + 21. Let k(v) = 7*v**2 - 11*v + 14. Let f(t) = -7*k(t) + 5*o(t). Determine f(6).
-5
Suppose -3 - 3 = -3*a. Suppose 0 = -a*f + 3 - 9. Let p(d) = -2*d - 54. Let l(x) = x + 32. Let n(r) = -5*l(r) - 3*p(r). Calculate n(f).
-1
Let c = -91 - -91. Let w(a) be the third derivative of -a**6/120 - a**5/60 + a**4/24 + 2*a**3/3 - a**2. Calculate w(c).
4
Suppose 4*i = -i + 5. Let n(f) be the second derivative of 9*f**5/20 - f**3/3 + f**2/2 - 3*f. What is n(i)?
8
Let b(r) = 60 - 59 + 0*r + r. What is b(6)?
7
Suppose 0 = -u + 3, -2*n - 4*u + 4 = -0*u. Let g(x) = -x**2 - 4*x + 2. Determine g(n).
2
Suppose -o = 2 + 3. Let d(w) = 3*w**2 + 6*w - 7. Let a(q) = -7*q**2 - 13*q + 15. Let c(x) = 2*a(x) + 5*d(x). What is c(o)?
0
Let y(a) = -a + 2. Suppose 0 = -2*k + 5 - 1. Suppose -d + k + 6 = -3*g, -3*g - 20 = 2*d. Determine y(g).
6
Let z(m) be the first derivative of m**2/2 + 6*m - 11. Suppose -2*r = 2*r. Determine z(r).
6
Let d(i) be the first derivative of i**2/2 + 3. Let j be d(2). Let n(g) = g - 1. Give n(j).
1
Let g(k) = -11*k**3. Let n be g(-1). Let x = -8 + n. Let p(y) = -6*y**x - y**2 - 2*y - 4 + 5 - y**2 - 2. Give p(-1).
5
Suppose 10 = -2*c - 2*i, -2*c - i + 1 = 6. Let v(d) = -2*d**2 - d - 2. Let j(x) = 3*x**2 + x + 1. Let a(b) = 3*j(b) + 4*v(b). What is a(c)?
-5
Let f(u) = 5*u - 3. Suppose 0 = -7*n + 1 + 13. Give f(n).
7
Let j(v) = -8*v**3 - 2*v**2 + 1. Let o(q) = 4*q**2 - 3*q**3 + 2*q**3 - q**2 - 1. Let y be o(1). Calculate j(y).
-9
Let z(j) be the third derivative of j**5/120 + j**4/12 - j**3/6 - j**2. Let t(v) be the first derivative of z(v). What is t(5)?
7
Let y(r) = r**3 - r**2 - 3*r - 1. Let p be -6*(-1 + (-12)/(-9)). Give y(p).
-7
Let a = -28 + 26. Let h(b) = 2*b**2 + 3*b + 2. Give h(a).
4
Let g(x) = -x**3 + 4*x**2 + 7*x - 4. Let f(i) = i**3 - 4*i**2 - 6*i + 3. Let c(l) = 7*f(l) + 6*g(l). Calculate c(4).
-3
Suppose -4*c + 6 = -c. Let y(p) = -p**3 + p**2 - 2*p + 3. What is y(c)?
-5
Let s(n) = 2*n**2 - 37 + 77 - n - 41. Determine s(2).
5
Suppose 0 = 2*l, 0*l - 2*l = x - 1. Let c(m) be the first derivative of x - 1/3*m**3 - 1/4*m**4 + 8*m + 0*m**2. What is c(0)?
8
Let n(i) = -5*i + 6. Let t(x) = 4*x - 5. Let k = 0 - 2. Let a(g) = k*n(g) - 3*t(g). Let v = -1 - -3. Calculate a(v).
-1
Let v = -3 + 8. Let x(u) be the third derivative of -1/20*u**v - 2*u**2 + 0*u**3 + 0 + 0*u + 0*u**4. What is x(1)?
-3
Let b(s) be the third derivative of s**5/60 - s**4/24 + s**3/6 - 5*s**2. What is b(5)?
21
Let d(s) = 3*s - 4. Let f(t) = -16*t + 21. Let